 tens digit of k(-8)?
2
Suppose -4*y + 2*k + 710 = 0, -124 = 4*y + 4*k - 864. Suppose 9*u - 864 + y = 0. What is the units digit of u?
6
Let d = 21 + -12. What is the units digit of ((-5)/(-3))/(3/d)?
5
Suppose -73*v = -106*v + 145563. What is the thousands digit of v?
4
Suppose -210 = 8*c - 13*c. Let p = c - -3. What is the tens digit of p?
4
Let k(p) be the first derivative of p**3 + 3*p**2/2 - 9*p + 2. Suppose 4*a = 3*a - 2*w, 2*w + 12 = 2*a. What is the tens digit of k(a)?
5
Suppose -4*b + 9*b = n - 978, 2 = -b. What is the units digit of n?
8
Let n = -317 - -783. What is the hundreds digit of n?
4
Suppose -104000 = -133*r + 81*r. What is the hundreds digit of r?
0
Suppose q = 6*q - 4*d - 451, 2*q + 2*d = 184. What is the units digit of (-1 + 8)*156/q?
2
What is the tens digit of 118 + 8/4*-3?
1
Let h(c) = -c**2 - 5*c + 3. Let w be h(-5). Let t be (-6 + 3 - w)/(-2). Suppose -t*v + 6*v = 102. What is the units digit of v?
4
Let q(z) = -z**2 + 4*z + 11. Let t be q(5). Let o = 13 - t. What is the units digit of o?
7
Let w = 8 + -3. Suppose c - 27 = -0*c. Suppose -2*l + c = -f, w*l - 3*f + 8*f - 30 = 0. What is the units digit of l?
1
Let r(v) = -368*v + 26. What is the tens digit of r(-1)?
9
Suppose 4*j - 14 = -o, 3*j + 4*o - 6 = o. Suppose 15 = j*b - 3*b. What is the units digit of b?
5
Let b = -124 + 140. Let i = 10 + b. What is the units digit of i?
6
Let n = -24 + -7. Let t = n + 51. What is the tens digit of t?
2
Let v(g) = g**2 - 6*g + 5. Let o be v(7). Suppose 0 = -3*r + r + o. What is the units digit of 80/(2 - r)*-2?
0
Let t(h) be the first derivative of -h**4/4 + 8*h**3/3 + 11*h**2/2 - 13*h + 6. Let y be t(9). Suppose -y*i + 29 = -16. What is the units digit of i?
9
Let w(s) = -s**2 + 3*s + 18. Let a be w(0). Suppose j = 144 - a. What is the hundreds digit of j?
1
Let w be 4/(-16) + 2/8. Suppose w = 14*y - 9*y - 925. What is the tens digit of y?
8
Let r(f) = 33*f**2 - 9*f. Let j be r(6). Suppose -18*y + j = -11*y. What is the hundreds digit of y?
1
Let n(i) = -194*i**2 + 31*i - 29. Let o(m) = -39*m**2 + 6*m - 6. Let b(z) = 2*n(z) - 11*o(z). Let v be b(4). What is the units digit of 10/(-35) + v/14?
6
Suppose 4*n + 102 = 286. Let c = n - 12. What is the tens digit of c?
3
Suppose 4*n = -l + 2188, n + 4*l + 1076 = 3*n. What is the tens digit of n?
4
What is the units digit of 517 - (-8)/(-16)*-12?
3
Suppose -5*x + 5*b + 17525 = 0, -3*x + 2*b + 4983 + 5529 = 0. What is the hundreds digit of x?
5
Let l(i) = i**3 - 6*i**2 + 12*i - 12. Let q be l(4). What is the units digit of ((-4)/2 + 37)/(q - 3)?
5
Let u = -17 + 37. Suppose 3*b - u = -5. Let o(f) = 3*f**2 - 6*f + 8. What is the units digit of o(b)?
3
Let j be (-50)/(-18) + 4/18. Let u(y) = -y**2 - 4*y - 2. Let z be u(-3). Let h = j + z. What is the units digit of h?
4
Let o(j) = j**3 - 8*j**2 + j - 1. Let g be o(8). Suppose 10*r - g*r - 30 = 0. What is the tens digit of r?
1
Suppose 2*p = q + 16, -5*p + 7 + 19 = q. Let l(k) = k - 6 + 3 - 3 + k**2. What is the tens digit of l(p)?
3
Suppose g - 28 = 5*u, 84 = -4*g + 7*g + 5*u. Let r = -21 + g. Let s = r + -4. What is the units digit of s?
3
Suppose -5*b = 2*c - 7497, -22*c + 17*c + 5*b + 18690 = 0. What is the thousands digit of c?
3
Let a be 6*((-36)/8)/(-9). Suppose 3*n + 4*s = 535, 0*s + a*s = -5*n + 888. What is the tens digit of n?
7
Let z = 213 - 123. What is the tens digit of z - (-5 + 8 - 1)?
8
Suppose 4*o - 31 = -23. Let s be o + 82 - (-4 + 1). Let n = -44 + s. What is the units digit of n?
3
Let l(y) = -y**2 + 8*y. Let p be l(7). Let i be (1 - -3)*(p + -6). What is the tens digit of (i/5)/((-1)/(-35))?
2
Let y be ((-60)/(3 - -3))/((-2)/(-4)). What is the tens digit of -15*(-56)/y*-1?
4
Let b = -4691 + 8048. What is the tens digit of b?
5
Suppose 368*z = 371*z - 1503. What is the hundreds digit of z?
5
Let h = 195 + 60. What is the units digit of h?
5
Let o(k) be the third derivative of -13*k**4/24 - k**3/2 - 102*k**2. Suppose 0 = -p + 3*f + 13, 21 = 3*p - p - 5*f. What is the units digit of o(p)?
3
Let x(c) be the second derivative of -1/20*c**5 - c**2 + 0 + 11/6*c**3 - 7*c + 2/3*c**4. What is the units digit of x(9)?
6
Let m(v) = v**2 + 21*v - 1. Let w(z) = 2*z**2 + 43*z - 2. Let y(r) = -9*m(r) + 4*w(r). What is the tens digit of y(-7)?
7
Let g(v) = -8*v**3 - v**2 - 8*v - 3. Let o = 145 - 148. What is the hundreds digit of g(o)?
2
Suppose m - 5*m + 3*p = -53, -3*m + 76 = 5*p. Suppose 5*r - 103 = m. What is the tens digit of r?
2
Suppose 6*d + c = 2*d + 25, 3*d - 22 = -4*c. Suppose 0 = -3*z + d - 15. What is the units digit of 34 + (3 + z - -2)?
6
Suppose -3*u = n - 3055, 8*u = 3*n + 3*u - 9109. What is the thousands digit of n?
3
Suppose h + 2*y = 5, -y = -5*h + 4*y + 25. Suppose -3*o + h*k = -92, -4*o + k + 124 = o. Let t = o - -13. What is the tens digit of t?
3
Suppose 3*l - 4*w - 9421 = 0, 7*w - 12524 = -4*l + 3*w. What is the thousands digit of l?
3
Let x be 32/(-40)*5/2. Let p = -5 - x. What is the units digit of (-1)/p + 1962/27?
3
Suppose 5*t = -5*a + 5, 5*a + 23 = -t + 3*t. Suppose -57 = t*k + 47. Let o = k - -44. What is the units digit of o?
8
Let p(k) = 42*k**2 + 3*k + 7. Let m be p(6). Suppose 0 = 9*w - m - 623. What is the tens digit of w?
4
What is the thousands digit of (1068 - -4)/(2 - (7 - 6))?
1
Let c(a) = -a - 3. Let i(k) = -k**2 + 3*k + 7. Let o be i(6). Let d be c(o). What is the tens digit of (-12)/d*28/(-2)?
2
Let q(n) = -3*n**2 + 2*n**2 + 3*n**2 - 8*n - 3*n**2 + 11. Let g be q(-9). Suppose 5*v = m - 23, 51 = g*m - 9*v + 4*v. What is the units digit of m?
8
Let s = 656 - 113. What is the units digit of s?
3
Let b(q) = 306*q**3 - 2*q**2 + 1. What is the tens digit of b(1)?
0
Suppose 4*o - o - 7*o = 0. Suppose o = 17*w - 14*w - 363. What is the units digit of w?
1
What is the tens digit of (1 + -3)*(-6)/(48/76)?
1
What is the tens digit of ((-38864)/(-24))/(-7)*3*-1?
9
Suppose -5*r + 31 = 3*k - 41, 4*r = 2*k + 62. Suppose -5*q + r = 0, -w + 4*q + 173 = 40. What is the tens digit of w?
4
Let f be (0 - 7 - -4) + 3. Suppose -i + 3 + 1 = f. Let q(c) = -c**3 + 3*c**2 + 5*c. What is the units digit of q(i)?
4
Let s(l) = -l**3 + 3*l**2 - l. Let b be s(2). Let m(f) = 2 - 977*f + 4*f**2 + 975*f + f**2. What is the units digit of m(b)?
8
Suppose 4*j + 5*n = 103, j + 5*n = -2*j + 71. Let p be (5/(-10))/(2/j). What is the units digit of (-38)/p + 1/4?
5
Let r be 589 + (3 - 21/3). Suppose 8*x = 807 + r. What is the hundreds digit of x?
1
Let m be ((-3)/(-3))/(10/(-730)). What is the units digit of (-3)/9*3*m?
3
What is the hundreds digit of (-1)/(-3) - 33449/(-93)?
3
Let u(m) = 4*m - 6. Let j be u(2). Suppose h - 4*h - 2*s = -6, j*s + 14 = 2*h. What is the units digit of h?
4
Let d be -15*(0 + (-3)/9). Suppose -7*l + 3*l = y - 13, -8 = -d*l - 4*y. Suppose -l*s - 3 = -39. What is the units digit of s?
9
Suppose -3*v - 24 = -120. Suppose 88 = 8*q - v. What is the tens digit of q?
1
Let j(p) = 4*p**3 - 15*p**2 + 20*p - 2. What is the units digit of j(7)?
5
Let d(p) = -2*p**3 - 26*p**2 + 6*p - 8. What is the tens digit of d(-14)?
0
Suppose 67*d + 64*d - 130214 = 0. What is the hundreds digit of d?
9
Suppose 93*q + 8745 = 108*q. What is the units digit of q?
3
Suppose -w + 0*w - 2*a - 4 = 0, -w - 3*a - 6 = 0. Suppose w*x = -4*x + 500. What is the units digit of x?
5
Suppose -5*i = -5*w - 180, -9*w + 4*w - 15 = 0. What is the units digit of i?
3
Suppose -31*s + 28*s = -216. What is the units digit of s?
2
Let g(y) = y**3 - 49*y**2 + 90*y + 61. What is the hundreds digit of g(48)?
0
Let a(d) = d**3 + 13*d**2 + d + 16. Let t be a(-13). What is the tens digit of 4 - (-106)/6 - 2/t?
2
Let o(b) = 4*b**2 + 1. Let r be (-2)/(-7)*7*2. Let c = 6 - r. What is the units digit of o(c)?
7
Let p = 1249 - 594. Suppose -4*r = r - p. What is the hundreds digit of r?
1
Let r(o) = -o**3 + 24*o**2 - 25*o - 34. What is the thousands digit of r(17)?
1
Suppose 0 = -5*m + r + 16 - 6, 2*m + 3*r = 21. Suppose -m*c + 2*f + 199 = 0, -4*f = -2*c - 78 + 224. What is the units digit of c?
3
What is the tens digit of (1395/140)/((-1)/(-8))*7?
5
Let t(g) = 10*g**2 - 7. What is the tens digit of t(6)?
5
Let y(w) = -3*w**3 - 5*w**2 - 2*w + 16. Suppose -83 = 19*t + 12. What is the tens digit of y(t)?
7
Let u be 16/(-120) + (-182)/(-15). Let k = u + -7. S